 a multiple of 47?
True
Is 966 a multiple of 46?
True
Is 13 a factor of 826?
False
Is 100 a factor of 15100?
True
Is 3016 a multiple of 29?
True
Does 47 divide 4443?
False
Does 68 divide 1189?
False
Does 4 divide 3055?
False
Is 3 a factor of 149?
False
Is 5379 a multiple of 3?
True
Is 33 even?
False
Is 2061 a multiple of 24?
False
Is 4 a factor of 396?
True
Is 945 a multiple of 135?
True
Does 20 divide 4800?
True
Is 330 a multiple of 10?
True
Does 7 divide 333?
False
Does 60 divide 2851?
False
Does 7 divide 70?
True
Does 13 divide 1014?
True
Is 5446 a multiple of 14?
True
Is 15 a factor of 540?
True
Is 2753 a multiple of 218?
False
Is 7047 a multiple of 29?
True
Is 11 a factor of 2122?
False
Is 100 a multiple of 3?
False
Is 571 a multiple of 10?
False
Is 74 a factor of 1924?
True
Is 36 a factor of 548?
False
Is 31135 a multiple of 13?
True
Is 15 a factor of 12840?
True
Is 20 a multiple of 14?
False
Is 18859 a multiple of 112?
False
Is 359 a multiple of 18?
False
Is 127 a factor of 3302?
True
Does 50 divide 2650?
True
Does 133 divide 16531?
False
Does 9 divide 9171?
True
Does 6 divide 1895?
False
Is 33 a multiple of 10?
False
Is 52 a factor of 5392?
False
Is 3374 a multiple of 286?
False
Does 98 divide 10094?
True
Is 15950 a multiple of 12?
False
Is 19 a factor of 20311?
True
Is 45 a factor of 11082?
False
Is 10416 a multiple of 112?
True
Is 2736 a multiple of 114?
True
Does 7 divide 9261?
True
Is 323 a multiple of 18?
False
Is 257 a multiple of 18?
False
Does 136 divide 3914?
False
Is 3 a factor of 65?
False
Is 17 a factor of 221?
True
Is 9 a factor of 828?
True
Is 2810 a multiple of 31?
False
Is 6 a factor of 7692?
True
Does 48 divide 2881?
False
Is 11 a factor of 1589?
False
Is 491 a multiple of 17?
False
Does 21 divide 23328?
False
Is 17316 a multiple of 13?
True
Is 251 a factor of 44678?
True
Does 35 divide 15050?
True
Is 3936 a multiple of 92?
False
Does 7 divide 14?
True
Is 42 a factor of 11801?
False
Is 102 a multiple of 11?
False
Is 6 a factor of 1104?
True
Does 11 divide 59259?
False
Is 71 a factor of 3550?
True
Is 40 a factor of 678?
False
Is 22760 a multiple of 173?
False
Is 54 a factor of 2003?
False
Is 7104 a multiple of 8?
True
Is 6 a factor of 1656?
True
Is 5 a factor of 485?
True
Is 14 a factor of 1022?
True
Is 44404 a multiple of 15?
False
Is 11739 a multiple of 39?
True
Is 21140 a multiple of 140?
True
Does 5 divide 5548?
False
Is 42 a multiple of 2?
True
Is 16 a factor of 3115?
False
Is 20486 a multiple of 12?
False
Is 11 a factor of 5152?
False
Is 9894 a multiple of 97?
True
Is 413 a multiple of 59?
True
Does 7 divide 770?
True
Is 26 a factor of 546?
True
Is 850 a multiple of 34?
True
Is 42210 a multiple of 134?
True
Is 944 a multiple of 61?
False
Is 98 a factor of 60504?
False
Is 35 a factor of 1365?
True
Is 11 a factor of 550?
True
Is 5 a factor of 180?
True
Does 72 divide 1440?
True
Does 47 divide 15087?
True
Is 100970 a multiple of 9?
False
Is 758 a multiple of 11?
False
Is 86 a multiple of 56?
False
Is 7 a factor of 420?
True
Is 12 a factor of 11123?
False
Is 19 a factor of 1385?
False
Is 38 a factor of 18826?
False
Is 19 a factor of 1995?
True
Is 366 a multiple of 3?
True
Is 54 a factor of 36063?
False
Is 630 a multiple of 3?
True
Does 65 divide 975?
True
Is 13537 a multiple of 176?
False
Is 345 even?
False
Is 9 a factor of 10134?
True
Is 90 a factor of 15840?
True
Is 102 a multiple of 6?
True
Is 12240 a multiple of 48?
True
Is 30 a factor of 125842?
False
Does 26 divide 1994?
False
Is 31058 a multiple of 31?
False
Does 31 divide 7302?
False
Does 76 divide 7144?
True
Does 4 divide 4200?
True
Is 26026 a multiple of 95?
False
Is 30379 a multiple of 24?
False
Is 24 a factor of 92?
False
Does 26 divide 21292?
False
Is 75920 a multiple of 365?
True
Does 138 divide 139580?
False
Is 25 a factor of 2162?
False
Is 16 a factor of 8768?
True
Does 41 divide 574?
True
Is 8 a factor of 170?
False
Is 1081 a multiple of 47?
True
Is 24 a factor of 456?
True
Does 42 divide 6951?
False
Is 5209 a multiple of 52?
False
Is 11468 a multiple of 31?
False
Does 21 divide 16410?
False
Does 13 divide 239?
False
Is 2 a factor of 1929?
False
Is 109 a factor of 36842?
True
Does 5 divide 1350?
True
Is 19 a factor of 279?
False
Does 52 divide 12614?
False
Does 31 divide 404?
False
Does 5 divide 1090?
True
Does 129 divide 24510?
True
Is 125 a factor of 4802?
False
Is 13 a factor of 6969?
False
Does 14 divide 3738?
True
Is 44189 a multiple of 67?
False
Is 2868 a multiple of 4?
True
Is 3886 a multiple of 29?
True
Is 453 a multiple of 3?
True
Does 4 divide 320?
True
Does 26 divide 598?
True
Is 32 a factor of 61472?
True
Is 1722 a multiple of 45?
False
Does 82 divide 2370?
False
Is 195 a multiple of 2?
False
Is 29 a factor of 1363?
True
Is 8 a factor of 1184?
True
Does 108 divide 35037?
False
Is 105 a multiple of 65?
False
Does 58 divide 696?
True
Is 314 a multiple of 9?
False
Is 1174 a multiple of 90?
False
Is 19 a factor of 464?
False
Does 22 divide 462?
True
Is 12 a factor of 6456?
True
Is 10320 a multiple of 8?
True
Is 8550 a multiple of 56?
False
Does 8 divide 1288?
True
Is 74 a factor of 22058?
False
Is 1346 a multiple of 23?
False
Is 949 a multiple of 13?
True
Is 120 a multiple of 4?
True
Is 38 a factor of 2698?
True
Does 26 divide 363?
False
Is 11 a factor of 5347?
False
Does 23 divide 24495?
True
Is 60912 a multiple of 48?
True
Does 117 divide 17790?
False
Is 215 a multiple of 49?
False
Does 9 divide 567?
True
Is 4 a factor of 17119?
False
Is 70 a factor of 1400?
True
Is 17531 a multiple of 47?
True
Is 30000 a multiple of 200?
True
Is 2177 a multiple of 29?
False
Is 14868 a multiple of 84?
True
Does 18 divide 19584?
True
Does 28 divide 4256?
True
Is 1755 a multiple of 45?
True
Is 10 a factor of 343?
False
Is 89452 a multiple of 214?
True
Is 867 a multiple of 4?
False
Is 41 a factor of 8777?
False
Is 12 a factor of 108?
True
Does 245 divide 34300?
True
Is 28355 a multiple of 265?
True
Is 168 a multiple of 6?
True
Does 14 divide 1994?
False
Does 7 divide 872?
False
Is 279 a multiple of 14?
False
Is 23 a factor of 328?
False
Is 84 a factor of 19010?
False
Is 12921 a multiple of 219?
True
Does 9 divide 1368?
True
Is 169057 a multiple of 33?
False
Does 7 divide 294?
True
Is 105 a multiple of 15?
True
Is 59 a factor of 123?
False
Is 12 a factor of 1896?
True
Is 70957 a multiple of 18?
False
Is 2850 a multiple of 6?
True
Is 7198 a multiple of 61?
True
Does 9 divide 1030?
False
Is 7592 a multiple of 8?
True
Does 16 divide 64?
True
Is 323 a multiple of 8?
False
Is 10 a factor of 1397?
False
Does 2 divide 1044?
True
Does 15 divide 2220?
True
Is 313 a multiple of 42?
False
Is 139 a multiple of 10?
False
Does 71 divide 8397?
False
Is 6396 a multiple of 13?
True
Does 21 divide 1197?
True
Is 36 a factor of 1782?
False
Is 2517 a multiple of 2?
False
Does 15 divide 6675?
True
Is 423 a multiple of 9?
True
Is 106 a factor of 21942?
True
Is 2336 a multiple of 183?
False
Does 270 divide 6210?
True
Is 9 a factor of 892?
False
Does 3 divide 243?
True
Is 39 a factor of 1645?
False
Is 23 a factor of 506?
True
Is 4 a factor of 148?
True
Does 108 divide 4180?
False
Is 14 a factor of 192?
False
Is 180 a multiple of 3?
True
Is 18 a factor of 450?
True
Does 123 divide 64399?
False
Does 44 divide 2244?
True
Is 376 a multiple of 19?
False
Is 26316 a multiple of 12?
True
Is 1298 a multiple of 8?
False
Is 40 a multiple of 5?
True
Is 1704 a multiple of 9?
False
Is 14 a factor of 812?
True
Is 23 a factor of 1242?
True
Is 6160 a multiple of 140?
True
Is 4 a factor of 548?
True
Does 17 divide 43609?
False
Is 36 a factor of 360?
True
Is 21571 a multiple of 8?
False
Does 3 divide 405?
True
Is 3 a factor of 1198?
False
Is 268 a multiple of 2?
True
Is 117 a multiple of 43?
False
Is 15 a factor of 3225?
True
Is 1481 a multiple of 62?
False
Does 7 divide 7840?
True
Does 22 divide 4583?
False
Does 28 divide 9054?
False
Does 17 divide 2692?
False
Is 1069 a multiple of 42?
False
Does 24 divide 6986?
False
Is 14040 a multiple of 25?
False
Does 35 divide 30800?
True
Is 18 a factor of 468?
True
Is 12996 a multiple of 9?
True
Does 72 divide 2587?
False
Is 16 a factor of 1312?
True
Is 33 a factor of 867?
False
Is 658 a multiple of 56?
False
Is 65 a factor of 618?
False
Is 8 a factor of 9081?